{"id":207,"date":"2022-11-23T12:49:57","date_gmt":"2022-11-23T11:49:57","guid":{"rendered":"http:\/\/www.ltechnik.intern\/wp\/?page_id=207"},"modified":"2025-12-16T10:24:28","modified_gmt":"2025-12-16T09:24:28","slug":"tuev-termine","status":"publish","type":"page","link":"https:\/\/www.baeuerlein-landtechnik.de\/?page_id=207","title":{"rendered":"T\u00dcV-Termine"},"content":{"rendered":"\n<h4 class=\"wp-block-heading has-text-align-left\">T\u00dcV-Termine jetzt online buchen!<\/h4>\n\n\n\n<p class=\"has-text-align-left\">Stellen Sie sicher, dass Ihre Maschinen immer in bestem Zustand sind! Buchen Sie jetzt Ihren T\u00dcV-Termin f\u00fcr Traktoren, M\u00e4hdrescher und andere landwirtschaftliche Fahrzeuge ganz bequem online. Unsere Fachkr\u00e4fte f\u00fchren gerne einen Vorab-Check durch, damit Ihre Maschinen sicher und einsatzbereit bleiben. <\/p>\n\n\n\n<p class=\"has-text-align-left\">Klicken Sie <a href=\"https:\/\/www.baeuerlein-landtechnik.de\/?page_id=16\">hier,<\/a> um Ihren T\u00dcV Termin zu buchen und Ihre Maschine fit f\u00fcr die n\u00e4chste Saison zu machen.<\/p>\n\n\n\n<h4 class=\"wp-block-heading has-text-align-left\">Aktuelle Termine von 13:00 &#8211; 15:00 Uhr <br>21.01.2026, 18.02.2026, 18.03.2026, 15.04.2026, 20.05.2026, 17.06.2026, 15.07.2026, 19.08.2026, 16.09.2026, 21.10.2026, 18.11.2026, 16.12.2026<\/h4>\n\n\n\n<p>Auch au\u00dferhalb der Standardzeiten bieten wir Ihnen passende Termine an. <\/p>\n\n\n\n<p class=\"has-text-align-left\"> <\/p>\n","protected":false},"excerpt":{"rendered":"<p>T\u00dcV-Termine jetzt online buchen! Stellen Sie sicher, dass Ihre Maschinen immer in bestem Zustand sind! Buchen Sie jetzt Ihren T\u00dcV-Termin f\u00fcr Traktoren, M\u00e4hdrescher und andere landwirtschaftliche Fahrzeuge ganz bequem online. Unsere Fachkr\u00e4fte f\u00fchren gerne einen Vorab-Check durch, damit Ihre Maschinen sicher und einsatzbereit bleiben. Klicken Sie hier, um Ihren T\u00dcV Termin zu buchen und Ihre [&hellip;]<\/p>\n","protected":false},"author":1,"featured_media":0,"parent":0,"menu_order":0,"comment_status":"closed","ping_status":"closed","template":"","meta":{"footnotes":""},"_links":{"self":[{"href":"https:\/\/www.baeuerlein-landtechnik.de\/index.php?rest_route=\/wp\/v2\/pages\/207"}],"collection":[{"href":"https:\/\/www.baeuerlein-landtechnik.de\/index.php?rest_route=\/wp\/v2\/pages"}],"about":[{"href":"https:\/\/www.baeuerlein-landtechnik.de\/index.php?rest_route=\/wp\/v2\/types\/page"}],"author":[{"embeddable":true,"href":"https:\/\/www.baeuerlein-landtechnik.de\/index.php?rest_route=\/wp\/v2\/users\/1"}],"replies":[{"embeddable":true,"href":"https:\/\/www.baeuerlein-landtechnik.de\/index.php?rest_route=%2Fwp%2Fv2%2Fcomments&post=207"}],"version-history":[{"count":50,"href":"https:\/\/www.baeuerlein-landtechnik.de\/index.php?rest_route=\/wp\/v2\/pages\/207\/revisions"}],"predecessor-version":[{"id":1884,"href":"https:\/\/www.baeuerlein-landtechnik.de\/index.php?rest_route=\/wp\/v2\/pages\/207\/revisions\/1884"}],"wp:attachment":[{"href":"https:\/\/www.baeuerlein-landtechnik.de\/index.php?rest_route=%2Fwp%2Fv2%2Fmedia&parent=207"}],"curies":[{"name":"wp","href":"https:\/\/api.w.org\/{rel}","templated":true}]}}