{"id":276,"date":"2022-11-25T11:33:07","date_gmt":"2022-11-25T10:33:07","guid":{"rendered":"http:\/\/www.ltechnik.intern\/wp\/?page_id=276"},"modified":"2025-07-09T11:35:52","modified_gmt":"2025-07-09T09:35:52","slug":"new-holland","status":"publish","type":"page","link":"https:\/\/www.baeuerlein-landtechnik.de\/?page_id=276","title":{"rendered":"New Holland"},"content":{"rendered":"\n<p class=\"has-text-align-left\"><strong>New Holland &#8211; Ein starker Partner in der Landwirtschaft.<\/strong><\/p>\n\n\n\n<p class=\"has-text-align-left\">Mit innovativen Traktoren, M\u00e4hdreschern, Feldh\u00e4ckslern und vielen weiteren leistungsstarken Maschinen bietet New Holland alles, was Sie f\u00fcr eine effiziente und nachhaltige Landwirtschaft brauchen. Vertrauen Sie auf \u00fcberlegene Technik, hohe Effizienz und die neuesten Innovatioinen f\u00fcr mehr Produktivit\u00e4t auf Ihrem Betrieb. Egal, ob Ernte, Bodenbearbeitung oder Futterernte &#8211; mit New Holland sind Sie immer einen Schritt voraus!<\/p>\n\n\n\n<figure class=\"wp-block-image size-full\"><img loading=\"lazy\" decoding=\"async\" width=\"1640\" height=\"600\" src=\"https:\/\/www.baeuerlein-landtechnik.de\/wp-content\/uploads\/2023\/02\/range_NH.jpg\" alt=\"\" class=\"wp-image-1002\"\/><\/figure>\n\n\n\n<figure class=\"wp-block-gallery has-nested-images columns-default is-cropped wp-block-gallery-1 is-layout-flex wp-block-gallery-is-layout-flex\"><\/figure>\n","protected":false},"excerpt":{"rendered":"<p>New Holland &#8211; Ein starker Partner in der Landwirtschaft. Mit innovativen Traktoren, M\u00e4hdreschern, Feldh\u00e4ckslern und vielen weiteren leistungsstarken Maschinen bietet New Holland alles, was Sie f\u00fcr eine effiziente und nachhaltige Landwirtschaft brauchen. Vertrauen Sie auf \u00fcberlegene Technik, hohe Effizienz und die neuesten Innovatioinen f\u00fcr mehr Produktivit\u00e4t auf Ihrem Betrieb. Egal, ob Ernte, Bodenbearbeitung oder Futterernte [&hellip;]<\/p>\n","protected":false},"author":1,"featured_media":0,"parent":0,"menu_order":0,"comment_status":"closed","ping_status":"closed","template":"","meta":{"footnotes":""},"_links":{"self":[{"href":"https:\/\/www.baeuerlein-landtechnik.de\/index.php?rest_route=\/wp\/v2\/pages\/276"}],"collection":[{"href":"https:\/\/www.baeuerlein-landtechnik.de\/index.php?rest_route=\/wp\/v2\/pages"}],"about":[{"href":"https:\/\/www.baeuerlein-landtechnik.de\/index.php?rest_route=\/wp\/v2\/types\/page"}],"author":[{"embeddable":true,"href":"https:\/\/www.baeuerlein-landtechnik.de\/index.php?rest_route=\/wp\/v2\/users\/1"}],"replies":[{"embeddable":true,"href":"https:\/\/www.baeuerlein-landtechnik.de\/index.php?rest_route=%2Fwp%2Fv2%2Fcomments&post=276"}],"version-history":[{"count":66,"href":"https:\/\/www.baeuerlein-landtechnik.de\/index.php?rest_route=\/wp\/v2\/pages\/276\/revisions"}],"predecessor-version":[{"id":1783,"href":"https:\/\/www.baeuerlein-landtechnik.de\/index.php?rest_route=\/wp\/v2\/pages\/276\/revisions\/1783"}],"wp:attachment":[{"href":"https:\/\/www.baeuerlein-landtechnik.de\/index.php?rest_route=%2Fwp%2Fv2%2Fmedia&parent=276"}],"curies":[{"name":"wp","href":"https:\/\/api.w.org\/{rel}","templated":true}]}}