{"id":480,"date":"2023-01-24T10:48:59","date_gmt":"2023-01-24T09:48:59","guid":{"rendered":"http:\/\/www.ltechnik.intern\/wp\/?page_id=480"},"modified":"2025-07-09T10:54:13","modified_gmt":"2025-07-09T08:54:13","slug":"eifo-und-posch","status":"publish","type":"page","link":"https:\/\/www.baeuerlein-landtechnik.de\/?page_id=480","title":{"rendered":"EiFo"},"content":{"rendered":"\n<p><strong>EiFo &#8211; Forsttechnik, die \u00fcberzeugt. <\/strong><\/p>\n\n\n\n<p>EiFo Forsttechnik ist ein familiengef\u00fchrtes Unternehmen mit Sitz in Bad Gr\u00f6nenbach und steht seit 1997 f\u00fcr praxisnahe, robuste Forsttechnikl\u00f6sungen. Das Portfolio umfasst unter anderem Holzspalter, Seilwinden, H\u00e4cksler, Forstanh\u00e4nger, S\u00e4gespaltautomaten sowie umfangreiches Zubeh\u00f6r &#8211; alles f\u00fcr den effizienten, sicheren und wirtschaftlichen Holzeinsatz. <\/p>\n\n\n\n<div class=\"wp-block-columns is-layout-flex wp-container-core-columns-layout-1 wp-block-columns-is-layout-flex\">\n<div class=\"wp-block-column is-layout-flow wp-block-column-is-layout-flow\">\n<figure class=\"wp-block-image size-full\"><img loading=\"lazy\" decoding=\"async\" width=\"1024\" height=\"768\" src=\"https:\/\/www.baeuerlein-landtechnik.de\/wp-content\/uploads\/2025\/07\/ERW-6-FK-2.54.jpg\" alt=\"\" class=\"wp-image-1757\" srcset=\"https:\/\/www.baeuerlein-landtechnik.de\/wp-content\/uploads\/2025\/07\/ERW-6-FK-2.54.jpg 1024w, https:\/\/www.baeuerlein-landtechnik.de\/wp-content\/uploads\/2025\/07\/ERW-6-FK-2.54-300x225.jpg 300w, https:\/\/www.baeuerlein-landtechnik.de\/wp-content\/uploads\/2025\/07\/ERW-6-FK-2.54-768x576.jpg 768w\" sizes=\"(max-width: 1024px) 100vw, 1024px\" \/><\/figure>\n<\/div>\n<\/div>\n\n\n\n<div class=\"wp-block-columns is-layout-flex wp-container-core-columns-layout-2 wp-block-columns-is-layout-flex\">\n<div class=\"wp-block-column is-layout-flow wp-block-column-is-layout-flow\"><\/div>\n<\/div>\n","protected":false},"excerpt":{"rendered":"<p>EiFo &#8211; Forsttechnik, die \u00fcberzeugt. EiFo Forsttechnik ist ein familiengef\u00fchrtes Unternehmen mit Sitz in Bad Gr\u00f6nenbach und steht seit 1997 f\u00fcr praxisnahe, robuste Forsttechnikl\u00f6sungen. Das Portfolio umfasst unter anderem Holzspalter, Seilwinden, H\u00e4cksler, Forstanh\u00e4nger, S\u00e4gespaltautomaten sowie umfangreiches Zubeh\u00f6r &#8211; alles f\u00fcr den effizienten, sicheren und wirtschaftlichen Holzeinsatz.<\/p>\n","protected":false},"author":1,"featured_media":0,"parent":0,"menu_order":0,"comment_status":"closed","ping_status":"closed","template":"","meta":{"footnotes":""},"_links":{"self":[{"href":"https:\/\/www.baeuerlein-landtechnik.de\/index.php?rest_route=\/wp\/v2\/pages\/480"}],"collection":[{"href":"https:\/\/www.baeuerlein-landtechnik.de\/index.php?rest_route=\/wp\/v2\/pages"}],"about":[{"href":"https:\/\/www.baeuerlein-landtechnik.de\/index.php?rest_route=\/wp\/v2\/types\/page"}],"author":[{"embeddable":true,"href":"https:\/\/www.baeuerlein-landtechnik.de\/index.php?rest_route=\/wp\/v2\/users\/1"}],"replies":[{"embeddable":true,"href":"https:\/\/www.baeuerlein-landtechnik.de\/index.php?rest_route=%2Fwp%2Fv2%2Fcomments&post=480"}],"version-history":[{"count":19,"href":"https:\/\/www.baeuerlein-landtechnik.de\/index.php?rest_route=\/wp\/v2\/pages\/480\/revisions"}],"predecessor-version":[{"id":1759,"href":"https:\/\/www.baeuerlein-landtechnik.de\/index.php?rest_route=\/wp\/v2\/pages\/480\/revisions\/1759"}],"wp:attachment":[{"href":"https:\/\/www.baeuerlein-landtechnik.de\/index.php?rest_route=%2Fwp%2Fv2%2Fmedia&parent=480"}],"curies":[{"name":"wp","href":"https:\/\/api.w.org\/{rel}","templated":true}]}}